{"id":3,"date":"2026-03-09T16:41:38","date_gmt":"2026-03-09T16:41:38","guid":{"rendered":"https:\/\/epidemia-studio.com\/sites\/espineira\/?page_id=3"},"modified":"2026-08-18T03:57:54","modified_gmt":"2026-08-18T03:57:54","slug":"aviso-de-privacidad","status":"publish","type":"page","link":"https:\/\/eb-arq.com\/en\/aviso-de-privacidad\/","title":{"rendered":"Privacy Notice"},"content":{"rendered":"<div data-elementor-type=\"wp-page\" data-elementor-id=\"3\" class=\"elementor elementor-3\" data-elementor-post-type=\"page\">\n\t\t\t\t<div class=\"elementor-element elementor-element-d7f1441 e-flex e-con-boxed wcf-starter-animations-none e-con e-parent\" data-id=\"d7f1441\" data-element_type=\"container\" data-e-type=\"container\" data-settings=\"{&quot;background_background&quot;:&quot;classic&quot;,&quot;wcf_enable_cursor_hover_effect_text&quot;:&quot;View&quot;,&quot;wcf-animation&quot;:&quot;none&quot;,&quot;wcf_enable_pin_area&quot;:&quot;no&quot;,&quot;aae_enable_header_sticky_area&quot;:&quot;no&quot;,&quot;wcf_enable_horizontal_scroll&quot;:&quot;no&quot;}\">\n\t\t\t\t\t<div class=\"e-con-inner\">\n\t\t\t\t<div class=\"elementor-element elementor-element-b9d59f6 wcf-starter-animations-none wcf-t-animation-none elementor-widget elementor-widget-heading\" data-id=\"b9d59f6\" data-element_type=\"widget\" data-e-type=\"widget\" data-settings=\"{&quot;wcf_starter_animations&quot;:&quot;none&quot;,&quot;wcf_anim_duration&quot;:1000,&quot;wcf_anim_delay&quot;:0,&quot;wcf_anim_ease&quot;:&quot;ease&quot;,&quot;wcf_text_animation&quot;:&quot;none&quot;,&quot;wcf-animation&quot;:&quot;none&quot;}\" data-widget_type=\"heading.default\">\n\t\t\t\t\t<h1 class=\"elementor-heading-title elementor-size-default\">Privacy Notice<\/h1>\t\t\t\t<\/div>\n\t\t\t\t\t<\/div>\n\t\t\t\t<\/div>\n\t\t<div class=\"elementor-element elementor-element-79169a50 e-flex e-con-boxed wcf-starter-animations-none e-con e-parent\" data-id=\"79169a50\" data-element_type=\"container\" data-e-type=\"container\" data-settings=\"{&quot;wcf_enable_cursor_hover_effect_text&quot;:&quot;View&quot;,&quot;wcf-animation&quot;:&quot;none&quot;,&quot;wcf_enable_pin_area&quot;:&quot;no&quot;,&quot;aae_enable_header_sticky_area&quot;:&quot;no&quot;,&quot;wcf_enable_horizontal_scroll&quot;:&quot;no&quot;}\">\n\t\t\t\t\t<div class=\"e-con-inner\">\n\t\t\t\t<div class=\"elementor-element elementor-element-3ebf1c3 wcf-starter-animations-none wcf-t-animation-none elementor-widget elementor-widget-text-editor\" data-id=\"3ebf1c3\" data-element_type=\"widget\" data-e-type=\"widget\" data-settings=\"{&quot;wcf_starter_animations&quot;:&quot;none&quot;,&quot;wcf_anim_duration&quot;:1000,&quot;wcf_anim_delay&quot;:0,&quot;wcf_anim_ease&quot;:&quot;ease&quot;,&quot;wcf_text_animation&quot;:&quot;none&quot;,&quot;wcf-animation&quot;:&quot;none&quot;}\" data-widget_type=\"text-editor.default\">\n\t\t\t\t\t\t\t\t\t<p><strong><em>Identity of the Data Controller.<\/em><\/strong><\/p>\n<p class=\"translation-block\">ESPI\u00d1EIRA &amp; B\u00c1EZ ARQUITECTOS, S.A. DE C.V. with registered address at: Anatole France No. 26, Piso 1, Col. Polanco V Secci\u00f3n, Ciudad de M\u00e9xico, C.P. 11560, phone  +52 55 52814065, in compliance with the provisions of Articles 1, 2, 6, 14, 15, 16, and other related and relevant provisions of the  \u201cLey Federal de Protecci\u00f3n de Datos Personales en Posesi\u00f3n de los Particulares\u201d, as well as Articles 24, 25, 26, 27, 28 of its Regulations, is the DATA CONTROLLER for collecting, using and protecting your personal data.<\/p>\n<p><strong><em>Personal data subject to processing.<\/em><\/strong><\/p>\n<p class=\"translation-block\">We hereby inform you that in order to fulfill the purposes set forth in this Aviso de Privacidad, ESPI\u00d1EIRA &amp; B\u00c1EZ ARQUITECTOS, S.A. DE C.V. may collect Personal Data, either directly (when you visit our facilities), electronically (when you provide your contact information on our website and\/or to follow up on the projects or construction sites we manage via email) or by phone, requesting the following information: Full name, email address, mailing address, phone numbers, tax identification number (RFC) (for billing purposes), location of the construction site and, if necessary, the public deed for you property (to process building permits).<\/p>\n<p>The personal data you provide, including both general personal data and SENSITIVE financial data, will be maintained and processed with strict security and confidentiality for purposes related to our architectural design, construction, interior design, decoration and remodeling work and in accordance with this Privacy Notice, as well as applicable laws, regulations, guidelines and rules.<\/p>\n<p><strong><em>Purposes of Processing.<\/em><\/strong><\/p>\n<p>The data you provide to us Will be uses for the following purposes:<\/p>\n<ol>\n<li class=\"translation-block\">To fulfill the legal relationship established between ESPI\u00d1EIRA &amp; B\u00c1EZ ARQUITECTOS, S.A. DE C.V., and you (the client), for the performance of architectural design, construction, interior design, decoration or remodeling of properties.<\/li>\n<li>To prepare estimates and contracts for the provision of services or construction management.<\/li>\n<li>To monitor the projects and construction work we carry out.<\/li>\n<li>To handle the procedures for obtaining building permits or any other administrative requirements necessary to manage the construction projects.<\/li>\n<li>Execution of work and service contracts with our contractors and\/or purchase-sale contracts with material suppliers.<\/li>\n<li>Administrative integration and updating of the Programa de Gastos de Obra de clientes.<\/li>\n<li>Monitoring and Support of collection activities, billing, payment, and deposit required for the execution and management of construction projects.<\/li>\n<li>Follow up on and respond any request you may have regarding your ARCO rights.<\/li>\n<li>To provide you with personalized assistance, whether in person, by phone or electronically, regarding our services.<\/li>\n<li>Monitoring access to our facilities.<br><br><\/li>\n<\/ol>\n<p class=\"translation-block\">Furthermore, if you provide your personal data (through our website) and later wish for us to stop using it, you must submit a request to that effect addressed to ARQ. JUAN JOS\u00c9 ESPI\u00d1EIRA CORTIZAS (Personal Data Protection Manager) by sending an email juanjose@eb-arq.com  within 5 business days, and your request will be fulfilled.<\/p>\n<p class=\"translation-block\">Similarly, we wish to inform you that, as internal security measure, ESPI\u00d1EIRA &amp; B\u00c1EZ ARQUITECTOS, S.A. DE C.V., records (on video) the entry of its staff and the general public into our facilities, retaining the footage for a period of one month.<\/p>\n<p><strong>&nbsp;<\/strong><\/p>\n<p><strong><em>Transfer<\/em><\/strong><\/p>\n<p class=\"translation-block\">ESPI\u00d1EIRA &amp; B\u00c1EZ ARQUITECTOS, S.A. DE C.V., in accordance with the provisions of Article 37, Section IV of the \u201cLey Federal de Protecci\u00f3n de Datos Personales en Posesi\u00f3n de los Particulares\u201d, will only transfer certain tax related information about you and the address of the construction site to contractors and suppliers for the purpose of fulfilling the contractual obligation that binds us to you<\/p>\n<p><span style=\"font-size: 1rem;\">Should it be necessary to make any transfer other than that described in the preceding paragraph, your express consent Will be required.<\/span><\/p>\n<p><span style=\"font-size: 1rem;\">Transfers made pursuant to Article 37, sections 1 through VII of the \u201cLey Federal de Protecci\u00f3n de Datos Personales en Posesi\u00f3n de los Particulares\u201d are exempt from the requirement for your consent.<\/span><\/p>\n<p><strong style=\"font-size: 1rem;\"><em>&nbsp;<\/em><\/strong><\/p>\n<p><strong style=\"font-size: 1rem;\"><em>Limitation on the Use and Disclosure of Personal Data<\/em><\/strong><\/p>\n<p>The processing of your personal data Will be limited to what is necessary and appropriate based on the legal relationship established with you, as well as for the purposes set forth in his Privacy Notice<\/p>\n<p class=\"translation-block\">ESPI\u00d1EIRA &amp; B\u00c1EZ ARQUITECTOS, S.A. DE C.V.  DOES NOT COLLECT information from our visitors through cookies, web beacons, or other technologies when you visit our website.<\/p>\n<p><strong>&nbsp;<\/strong><\/p>\n<p><strong><em>Means for Exercising ARCO (Access, Rectification, Cancellation and Objection).<\/em><\/strong><\/p>\n<p class=\"translation-block\">Any client (data subject) or, where applicable, their legal representative, may exercise their Rights of Access, Rectification, Erasure an Objection, at any type; for this reason, ESPI\u00d1EIRA &amp; B\u00c1EZ ARQUITECTOS, S.A. DE C.V., will provide the means to enable them to exercise these rights in a timely manner.<\/p>\n<p class=\"translation-block\">You may request to exercise these rights by submitting a simple written request or, if you prefer, by requesting the corresponding form, which can be provided by ARQ. JUAN JOS\u00c9 ESPI\u00d1EIRA CORTIZAS (Personal Data Protection Manager) at the address indicated in this Privacy Notice (Anatole France No. 26, Piso 1, Col. Polanco V Secci\u00f3n, Ciudad de M\u00e9xico, C.P. 11560), where you must deliver it in person during business days and hours.<\/p>\n<p class=\"translation-block\">If you reside outside the Mexico City, you may submit your request via email to  juanjose@eb-arq.com, addressed to al ARQ. JUAN JOS\u00c9 ESPI\u00d1EIRA CORTIZAS (Personal Data Protection Manager).<\/p>\n<p class=\"translation-block\">A response to such request will be provided within twenty (20) business days, counted from the date the respective request was received, If the request is granted, it will be carried out within fifteen (15) days following the date the response is communicated (via the method you specify).<\/p>\n<p>&nbsp;The aforementioned time limits may be extended once, for an equal period, provided that the circumstances of the case justify such an extension (pursuant to Article 32 of the \u201cLey Federal de Protecci\u00f3n de Datos Personales en Posesi\u00f3n de los Particulares\u201d).&nbsp;&nbsp;&nbsp; <strong>&nbsp;&nbsp;&nbsp;&nbsp;&nbsp;&nbsp;&nbsp;<\/strong><\/p>\n<p class=\"translation-block\">The obligation to provide access to the information shall be deemed fulfilled when the personal data is made available to the data subject or their legal representative; or, through the issuance of simple copies, electronic documents, or any other means that ESPI\u00d1EIRA &amp; B\u00c1EZ ARQUITECTOS, S.A. DE C.V., provides to the data subject.<\/p>\n<p class=\"translation-block\">ESPI\u00d1EIRA &amp; B\u00c1EZ ARQUITECTOS S.A. DE C.V., pursuant to Article 34 the \u201cLey Federal de Protecci\u00f3n de Datos Personales en Posesi\u00f3n de los Particulares\u201d, may deny access to personal data, its correctio, deletion, or objection, or the processing thereof, in the following cases:<\/p>\n<p style=\"padding-left: 40px;\">When the requester is not the data subject or the legal representative is not duly authorized to act on their behalf;<\/p>\n<p style=\"padding-left: 40px;\">When the applicant\u00b4s personal data is not found in its database;<\/p>\n<p style=\"padding-left: 40px;\">When the rights of a third party would be infringed;<\/p>\n<p style=\"padding-left: 40px;\">When there is a legal impediment or a ruling by a competent authority that restricts access to the personal data or does not permit its Correction, Deletion, or Objection;<\/p>\n<p style=\"padding-left: 40px;\">When the Correction, Deletion, or Objection has already been carried out.<\/p>\n<p><\/p>\n<p class=\"translation-block\">ESPI\u00d1EIRA &amp; B\u00c1EZ ARQUITECTOS S.A. DE C.V. shall not be obligated to DELETE personal data when:<\/p>\n<ol>\n<li>The data pertains to the parties to a private contract and is necessary for the performance and fulfillment of the contract;<\/li>\n<li>It must be processed pursuant to a legal provision;<\/li>\n<li>It would hinder judicial or administrative proceedings related to tax obligations, the investigation and prosecution of crimes, or the enforcement of administrative sanctions;<\/li>\n<li>It is necessary to protect the data subject\u2019s legally protected interests;<\/li>\n<li>It is necessary to carry out an action in the public interest;<\/li>\n<li>Are necessary to fulfill a legal obligation assumed by the data subject; or<\/li>\n<li>Are processed for the purposes of medial prevention, diagnosis, or the management of health service; provided that such processing is carried out by a healthcare professional subject to a duty confidentiality.<br><br><\/li>\n<\/ol>\n<p class=\"translation-block\">For more information, please contact:  ARQ. JUAN JOS\u00c9 ESPI\u00d1EIRA CORTIZAS (Personal Data Protection Manager) by phone at (55) 52814065, or by email at juanjose@eb-arq.com.<\/p>\n<p><strong>&nbsp;<\/strong><\/p>\n<p><strong><em>Means to Revoke Consent<\/em><\/strong><\/p>\n<p class=\"translation-block\">At any time, the client (Data Subject) has the right to request the REVOCATION of the consent granted to ESPI\u00d1EIRA &amp; B\u00c1EZ ARQUITECTOS, S.A. DE C.V to process their personal data. To do so, the Data Subject may submit the corresponding request at the address Anatole France No. 26 Piso 1, Polanco V Secci\u00f3n, Ciudad de M\u00e9xico, C.P. 11560, or by phone (55)52814065, during business days and hours.<\/p><p><span style=\"font-size: 1rem;\">The request will be processed within 5 days of receipt of the corresponding request, and the data subject will be notified in writing of the outcome of their request.<\/span><\/p>\n<p><strong><em>&nbsp;<\/em><\/strong><\/p>\n<p><strong><em>Notice of Changes to the Privacy Notice<\/em><\/strong><\/p>\n<p class=\"translation-block\">ESPI\u00d1EIRA &amp; B\u00c1EZ ARQUITECTOS, S.A. DE C.V reserves the right to make changes to this Privacy Notice at any time in order to comply with legislative updates, administrative guidelines, new requirements for the provision or offering of our services, or for any other justifies reason, You may view any such modifications in our Privacy Notice posted on our website at www.es-arq.com which we ask you to review periodically, or through a notice that will be sent to the email address you have provided to us.<\/p>\n<p>If you (the Data Subject) provide your personal data, it means that you have read, understood, and accepted the terms of this Privacy Notice.<br><br><\/p>\n<p><strong>If you do not agree with these terms, you must refrain from providing your personal information.<\/strong><\/p>\n<p class=\"translation-block\">Finally, if you believe that you right to personal data protection has been violated or if you suspect that the processing of your personal data violates the provision of the \u201cLey Federal de Protecci\u00f3n de Datos Personales en Posesi\u00f3n de los Particulares\u201d, you may file a complaint with the INSTITUTO FEDERAL DE ACCESO A LA INFORMACI\u00d3N Y PROTECCI\u00d3N DE DATOS (IFAI).<\/p>\n<p><strong>SINCERELY<\/strong><\/p>\n<p><strong>ESPI\u00d1EIRA &amp; B\u00c1EZ ARQUITECTOS, S.A. DE C.V<\/strong><\/p>\t\t\t\t\t\t\t\t<\/div>\n\t\t\t\t\t<\/div>\n\t\t\t\t<\/div>\n\t\t\t\t<\/div>","protected":false},"excerpt":{"rendered":"<p>Identidad del responsable. ESPI\u00d1EIRA &amp; B\u00c1EZ ARQUITECTOS, S.A. DE C.V. con domicilio en: &nbsp;Anatole France No. 26, Piso 1, Col. Polanco V Secci\u00f3n, Ciudad de M\u00e9xico, C.P. 11560, tel\u00e9fono (55) 52814065 en cumplimiento de lo previsto por los art\u00edculos 1, 2, 6, 14, 15, 16 y dem\u00e1s relativos y concordantes de la Ley Federal de [&hellip;]<\/p>\n","protected":false},"author":1,"featured_media":0,"parent":0,"menu_order":11,"comment_status":"closed","ping_status":"closed","template":"","meta":{"_acf_changed":false,"footnotes":""},"class_list":["post-3","page","type-page","status-publish","hentry"],"acf":[],"_links":{"self":[{"href":"https:\/\/eb-arq.com\/en\/wp-json\/wp\/v2\/pages\/3","targetHints":{"allow":["GET"]}}],"collection":[{"href":"https:\/\/eb-arq.com\/en\/wp-json\/wp\/v2\/pages"}],"about":[{"href":"https:\/\/eb-arq.com\/en\/wp-json\/wp\/v2\/types\/page"}],"author":[{"embeddable":true,"href":"https:\/\/eb-arq.com\/en\/wp-json\/wp\/v2\/users\/1"}],"replies":[{"embeddable":true,"href":"https:\/\/eb-arq.com\/en\/wp-json\/wp\/v2\/comments?post=3"}],"version-history":[{"count":0,"href":"https:\/\/eb-arq.com\/en\/wp-json\/wp\/v2\/pages\/3\/revisions"}],"wp:attachment":[{"href":"https:\/\/eb-arq.com\/en\/wp-json\/wp\/v2\/media?parent=3"}],"curies":[{"name":"wp","href":"https:\/\/api.w.org\/{rel}","templated":true}]}}

<div data-elementor-type="wp-page" data-elementor-id="3" class="elementor elementor-3" data-elementor-post-type="page">
				<div class="elementor-element elementor-element-d7f1441 e-flex e-con-boxed wcf-starter-animations-none e-con e-parent" data-id="d7f1441" data-element_type="container" data-e-type="container" data-settings="{&quot;background_background&quot;:&quot;classic&quot;,&quot;wcf_enable_cursor_hover_effect_text&quot;:&quot;View&quot;,&quot;wcf-animation&quot;:&quot;none&quot;,&quot;wcf_enable_pin_area&quot;:&quot;no&quot;,&quot;aae_enable_header_sticky_area&quot;:&quot;no&quot;,&quot;wcf_enable_horizontal_scroll&quot;:&quot;no&quot;}">
					<div class="e-con-inner">
				<div class="elementor-element elementor-element-b9d59f6 wcf-starter-animations-none wcf-t-animation-none elementor-widget elementor-widget-heading" data-id="b9d59f6" data-element_type="widget" data-e-type="widget" data-settings="{&quot;wcf_starter_animations&quot;:&quot;none&quot;,&quot;wcf_anim_duration&quot;:1000,&quot;wcf_anim_delay&quot;:0,&quot;wcf_anim_ease&quot;:&quot;ease&quot;,&quot;wcf_text_animation&quot;:&quot;none&quot;,&quot;wcf-animation&quot;:&quot;none&quot;}" data-widget_type="heading.default">
					<h1 class="elementor-heading-title elementor-size-default">Privacy Notice</h1>				</div>
					</div>
				</div>
		<div class="elementor-element elementor-element-79169a50 e-flex e-con-boxed wcf-starter-animations-none e-con e-parent" data-id="79169a50" data-element_type="container" data-e-type="container" data-settings="{&quot;wcf_enable_cursor_hover_effect_text&quot;:&quot;View&quot;,&quot;wcf-animation&quot;:&quot;none&quot;,&quot;wcf_enable_pin_area&quot;:&quot;no&quot;,&quot;aae_enable_header_sticky_area&quot;:&quot;no&quot;,&quot;wcf_enable_horizontal_scroll&quot;:&quot;no&quot;}">
					<div class="e-con-inner">
				<div class="elementor-element elementor-element-3ebf1c3 wcf-starter-animations-none wcf-t-animation-none elementor-widget elementor-widget-text-editor" data-id="3ebf1c3" data-element_type="widget" data-e-type="widget" data-settings="{&quot;wcf_starter_animations&quot;:&quot;none&quot;,&quot;wcf_anim_duration&quot;:1000,&quot;wcf_anim_delay&quot;:0,&quot;wcf_anim_ease&quot;:&quot;ease&quot;,&quot;wcf_text_animation&quot;:&quot;none&quot;,&quot;wcf-animation&quot;:&quot;none&quot;}" data-widget_type="text-editor.default">
									<p><strong><em>Identity of the Data Controller.</em></strong></p>
<p class="translation-block">ESPIÑEIRA &amp; BÁEZ ARQUITECTOS, S.A. DE C.V. with registered address at: Anatole France No. 26, Piso 1, Col. Polanco V Sección, Ciudad de México, C.P. 11560, phone  +52 55 52814065, in compliance with the provisions of Articles 1, 2, 6, 14, 15, 16, and other related and relevant provisions of the  “Ley Federal de Protección de Datos Personales en Posesión de los Particulares”, as well as Articles 24, 25, 26, 27, 28 of its Regulations, is the DATA CONTROLLER for collecting, using and protecting your personal data.</p>
<p><strong><em>Personal data subject to processing.</em></strong></p>
<p class="translation-block">We hereby inform you that in order to fulfill the purposes set forth in this Aviso de Privacidad, ESPIÑEIRA &amp; BÁEZ ARQUITECTOS, S.A. DE C.V. may collect Personal Data, either directly (when you visit our facilities), electronically (when you provide your contact information on our website and/or to follow up on the projects or construction sites we manage via email) or by phone, requesting the following information: Full name, email address, mailing address, phone numbers, tax identification number (RFC) (for billing purposes), location of the construction site and, if necessary, the public deed for you property (to process building permits).</p>
<p>The personal data you provide, including both general personal data and SENSITIVE financial data, will be maintained and processed with strict security and confidentiality for purposes related to our architectural design, construction, interior design, decoration and remodeling work and in accordance with this Privacy Notice, as well as applicable laws, regulations, guidelines and rules.</p>
<p><strong><em>Purposes of Processing.</em></strong></p>
<p>The data you provide to us Will be uses for the following purposes:</p>
<ol>
<li class="translation-block">To fulfill the legal relationship established between ESPIÑEIRA &amp; BÁEZ ARQUITECTOS, S.A. DE C.V., and you (the client), for the performance of architectural design, construction, interior design, decoration or remodeling of properties.</li>
<li>To prepare estimates and contracts for the provision of services or construction management.</li>
<li>To monitor the projects and construction work we carry out.</li>
<li>To handle the procedures for obtaining building permits or any other administrative requirements necessary to manage the construction projects.</li>
<li>Execution of work and service contracts with our contractors and/or purchase-sale contracts with material suppliers.</li>
<li>Administrative integration and updating of the Programa de Gastos de Obra de clientes.</li>
<li>Monitoring and Support of collection activities, billing, payment, and deposit required for the execution and management of construction projects.</li>
<li>Follow up on and respond any request you may have regarding your ARCO rights.</li>
<li>To provide you with personalized assistance, whether in person, by phone or electronically, regarding our services.</li>
<li>Monitoring access to our facilities.<br><br></li>
</ol>
<p class="translation-block">Furthermore, if you provide your personal data (through our website) and later wish for us to stop using it, you must submit a request to that effect addressed to ARQ. JUAN JOSÉ ESPIÑEIRA CORTIZAS (Personal Data Protection Manager) by sending an email juanjose@eb-arq.com  within 5 business days, and your request will be fulfilled.</p>
<p class="translation-block">Similarly, we wish to inform you that, as internal security measure, ESPIÑEIRA &amp; BÁEZ ARQUITECTOS, S.A. DE C.V., records (on video) the entry of its staff and the general public into our facilities, retaining the footage for a period of one month.</p>
<p><strong>&nbsp;</strong></p>
<p><strong><em>Transfer</em></strong></p>
<p class="translation-block">ESPIÑEIRA &amp; BÁEZ ARQUITECTOS, S.A. DE C.V., in accordance with the provisions of Article 37, Section IV of the “Ley Federal de Protección de Datos Personales en Posesión de los Particulares”, will only transfer certain tax related information about you and the address of the construction site to contractors and suppliers for the purpose of fulfilling the contractual obligation that binds us to you</p>
<p><span style="font-size: 1rem;">Should it be necessary to make any transfer other than that described in the preceding paragraph, your express consent Will be required.</span></p>
<p><span style="font-size: 1rem;">Transfers made pursuant to Article 37, sections 1 through VII of the “Ley Federal de Protección de Datos Personales en Posesión de los Particulares” are exempt from the requirement for your consent.</span></p>
<p><strong style="font-size: 1rem;"><em>&nbsp;</em></strong></p>
<p><strong style="font-size: 1rem;"><em>Limitation on the Use and Disclosure of Personal Data</em></strong></p>
<p>The processing of your personal data Will be limited to what is necessary and appropriate based on the legal relationship established with you, as well as for the purposes set forth in his Privacy Notice</p>
<p class="translation-block">ESPIÑEIRA &amp; BÁEZ ARQUITECTOS, S.A. DE C.V.  DOES NOT COLLECT information from our visitors through cookies, web beacons, or other technologies when you visit our website.</p>
<p><strong>&nbsp;</strong></p>
<p><strong><em>Means for Exercising ARCO (Access, Rectification, Cancellation and Objection).</em></strong></p>
<p class="translation-block">Any client (data subject) or, where applicable, their legal representative, may exercise their Rights of Access, Rectification, Erasure an Objection, at any type; for this reason, ESPIÑEIRA &amp; BÁEZ ARQUITECTOS, S.A. DE C.V., will provide the means to enable them to exercise these rights in a timely manner.</p>
<p class="translation-block">You may request to exercise these rights by submitting a simple written request or, if you prefer, by requesting the corresponding form, which can be provided by ARQ. JUAN JOSÉ ESPIÑEIRA CORTIZAS (Personal Data Protection Manager) at the address indicated in this Privacy Notice (Anatole France No. 26, Piso 1, Col. Polanco V Sección, Ciudad de México, C.P. 11560), where you must deliver it in person during business days and hours.</p>
<p class="translation-block">If you reside outside the Mexico City, you may submit your request via email to  juanjose@eb-arq.com, addressed to al ARQ. JUAN JOSÉ ESPIÑEIRA CORTIZAS (Personal Data Protection Manager).</p>
<p class="translation-block">A response to such request will be provided within twenty (20) business days, counted from the date the respective request was received, If the request is granted, it will be carried out within fifteen (15) days following the date the response is communicated (via the method you specify).</p>
<p>&nbsp;The aforementioned time limits may be extended once, for an equal period, provided that the circumstances of the case justify such an extension (pursuant to Article 32 of the “Ley Federal de Protección de Datos Personales en Posesión de los Particulares”).&nbsp;&nbsp;&nbsp; <strong>&nbsp;&nbsp;&nbsp;&nbsp;&nbsp;&nbsp;&nbsp;</strong></p>
<p class="translation-block">The obligation to provide access to the information shall be deemed fulfilled when the personal data is made available to the data subject or their legal representative; or, through the issuance of simple copies, electronic documents, or any other means that ESPIÑEIRA &amp; BÁEZ ARQUITECTOS, S.A. DE C.V., provides to the data subject.</p>
<p class="translation-block">ESPIÑEIRA &amp; BÁEZ ARQUITECTOS S.A. DE C.V., pursuant to Article 34 the “Ley Federal de Protección de Datos Personales en Posesión de los Particulares”, may deny access to personal data, its correctio, deletion, or objection, or the processing thereof, in the following cases:</p>
<p style="padding-left: 40px;">When the requester is not the data subject or the legal representative is not duly authorized to act on their behalf;</p>
<p style="padding-left: 40px;">When the applicant´s personal data is not found in its database;</p>
<p style="padding-left: 40px;">When the rights of a third party would be infringed;</p>
<p style="padding-left: 40px;">When there is a legal impediment or a ruling by a competent authority that restricts access to the personal data or does not permit its Correction, Deletion, or Objection;</p>
<p style="padding-left: 40px;">When the Correction, Deletion, or Objection has already been carried out.</p>
<p></p>
<p class="translation-block">ESPIÑEIRA &amp; BÁEZ ARQUITECTOS S.A. DE C.V. shall not be obligated to DELETE personal data when:</p>
<ol>
<li>The data pertains to the parties to a private contract and is necessary for the performance and fulfillment of the contract;</li>
<li>It must be processed pursuant to a legal provision;</li>
<li>It would hinder judicial or administrative proceedings related to tax obligations, the investigation and prosecution of crimes, or the enforcement of administrative sanctions;</li>
<li>It is necessary to protect the data subject’s legally protected interests;</li>
<li>It is necessary to carry out an action in the public interest;</li>
<li>Are necessary to fulfill a legal obligation assumed by the data subject; or</li>
<li>Are processed for the purposes of medial prevention, diagnosis, or the management of health service; provided that such processing is carried out by a healthcare professional subject to a duty confidentiality.<br><br></li>
</ol>
<p class="translation-block">For more information, please contact:  ARQ. JUAN JOSÉ ESPIÑEIRA CORTIZAS (Personal Data Protection Manager) by phone at (55) 52814065, or by email at juanjose@eb-arq.com.</p>
<p><strong>&nbsp;</strong></p>
<p><strong><em>Means to Revoke Consent</em></strong></p>
<p class="translation-block">At any time, the client (Data Subject) has the right to request the REVOCATION of the consent granted to ESPIÑEIRA &amp; BÁEZ ARQUITECTOS, S.A. DE C.V to process their personal data. To do so, the Data Subject may submit the corresponding request at the address Anatole France No. 26 Piso 1, Polanco V Sección, Ciudad de México, C.P. 11560, or by phone (55)52814065, during business days and hours.</p><p><span style="font-size: 1rem;">The request will be processed within 5 days of receipt of the corresponding request, and the data subject will be notified in writing of the outcome of their request.</span></p>
<p><strong><em>&nbsp;</em></strong></p>
<p><strong><em>Notice of Changes to the Privacy Notice</em></strong></p>
<p class="translation-block">ESPIÑEIRA &amp; BÁEZ ARQUITECTOS, S.A. DE C.V reserves the right to make changes to this Privacy Notice at any time in order to comply with legislative updates, administrative guidelines, new requirements for the provision or offering of our services, or for any other justifies reason, You may view any such modifications in our Privacy Notice posted on our website at www.es-arq.com which we ask you to review periodically, or through a notice that will be sent to the email address you have provided to us.</p>
<p>If you (the Data Subject) provide your personal data, it means that you have read, understood, and accepted the terms of this Privacy Notice.<br><br></p>
<p><strong>If you do not agree with these terms, you must refrain from providing your personal information.</strong></p>
<p class="translation-block">Finally, if you believe that you right to personal data protection has been violated or if you suspect that the processing of your personal data violates the provision of the “Ley Federal de Protección de Datos Personales en Posesión de los Particulares”, you may file a complaint with the INSTITUTO FEDERAL DE ACCESO A LA INFORMACIÓN Y PROTECCIÓN DE DATOS (IFAI).</p>
<p><strong>SINCERELY</strong></p>
<p><strong>ESPIÑEIRA &amp; BÁEZ ARQUITECTOS, S.A. DE C.V</strong></p>								</div>
					</div>
				</div>
				</div>

<p>Identidad del responsable. ESPIÑEIRA &amp; BÁEZ ARQUITECTOS, S.A. DE C.V. con domicilio en: &nbsp;Anatole France No. 26, Piso 1, Col. Polanco V Sección, Ciudad de México, C.P. 11560, teléfono (55) 52814065 en cumplimiento de lo previsto por los artículos 1, 2, 6, 14, 15, 16 y demás relativos y concordantes de la Ley Federal de [&hellip;]</p>
